s 21203 - -13032311?
13104014
In base 4, what is 1031003113 + 132?
1031003311
In base 10, what is -575992 - -11?
-575981
In base 16, what is -1 + 5a67b18?
5a67b17
In base 12, what is -365069 - -a?
-36505b
In base 6, what is 3400254 + -13335?
3342515
In base 16, what is 1fef94 - -1d?
1fefb1
In base 3, what is 20222022 + -102012111210?
-101221112111
In base 11, what is 10934658 + -3?
10934655
In base 2, what is -101 - 1110011100111100010?
-1110011100111100111
In base 12, what is -2aab7a0 - -3?
-2aab799
In base 13, what is -51a09b + 1a?
-51a081
In base 8, what is 361667560 + -7?
361667551
In base 11, what is -a112865 + -4?
-a112869
In base 8, what is 2437442 - 205?
2437235
In base 15, what is -1 - -2b15d54?
2b15d53
In base 16, what is 1c4 - 3354?
-3190
In base 12, what is 6ba - 142594?
-141a96
In base 4, what is -2210 + -22100133333?
-22100202203
In base 5, what is 124 + 1003242230?
1003242404
In base 6, what is 2 - 3345003002?
-3345003000
In base 6, what is 3431 - 411151?
-403320
In base 5, what is 2434401203 - 210?
2434400443
In base 6, what is 22303 - 331052?
-304345
In base 4, what is -23 - -110133133232?
110133133203
In base 11, what is 3a126 - -5?
3a130
In base 13, what is -20266ab + 2?
-20266a9
In base 14, what is -3 - -4c382c?
4c3829
In base 16, what is 32e42 + -1b?
32e27
In base 10, what is -2020812 - 348?
-2021160
In base 3, what is -11220020102 - -100210?
-11212212122
In base 14, what is 457a + 68c1?
b05b
In base 13, what is -35a5a6c4 - -2?
-35a5a6c2
In base 6, what is -10131 + 431533?
421402
In base 9, what is -64301 + -3700?
-68101
In base 13, what is -24c66c - -7a?
-24c5c2
In base 4, what is 132022032100 + -30?
132022032010
In base 15, what is 2d82 + b686?
e518
In base 16, what is -6195 + -64e1?
-c676
In base 5, what is 20413311 + 343?
20414204
In base 11, what is -1563630a4 - -4?
-1563630a0
In base 9, what is 2383114 - 7?
2383106
In base 3, what is -122122021 - -221201201?
22002110
In base 11, what is 5a260 + 81?
5a331
In base 5, what is -12344 - -3124321?
3111422
In base 3, what is 12112121222100 + -11110?
12112121210220
In base 5, what is -1000 + -3133310?
-3134310
In base 2, what is 100010111000101000100 - -10000?
100010111000101010100
In base 5, what is 2431422001421 + -3?
2431422001413
In base 7, what is 3162536006 + 3?
3162536012
In base 5, what is 1 - -221243022?
221243023
In base 15, what is -745bb + 30d?
-742ad
In base 14, what is 0 - ba264?
-ba264
In base 10, what is -22488 - -2675?
-19813
In base 11, what is -89099 + -222?
-89310
In base 7, what is 232523465 - -5?
232523503
In base 15, what is a + 766161?
76616b
In base 11, what is 82140 + -3278?
79973
In base 8, what is 1416 - -533061?
534477
In base 11, what is 1a9 + -57862?
-57664
In base 2, what is -1100110 - -100010001011011?
100001111110101
In base 10, what is -571757 + 2?
-571755
In base 13, what is 6 - 809b13?
-809b0a
In base 8, what is 0 + -4327467?
-4327467
In base 14, what is a494a + 133?
a4a7d
In base 2, what is 1010 - -110010010010100110110?
110010010010101000000
In base 4, what is -2022012131 + 1010?
-2022011121
In base 8, what is -14 + -30173445?
-30173461
In base 8, what is 201106 + 116?
201224
In base 9, what is 37860 - 67047?
-28077
In base 15, what is -2a + -199285b?
-1992886
In base 15, what is -2b43a1 + -1b?
-2b43bc
In base 7, what is -1365422325 - 3?
-1365422331
In base 16, what is 2e2 + -3bf?
-dd
In base 7, what is -104500500 - -24?
-104500443
In base 10, what is -3 + -102501880?
-102501883
In base 13, what is -37 + 1835326?
18352bc
In base 11, what is -31 - a65803?
-a65834
In base 16, what is -1 - -6d8ed2b?
6d8ed2a
In base 14, what is 14a0 + -1c89c?
-1b3dc
In base 3, what is -12 - 11202102221202?
-11202102221221
In base 3, what is -10020201201020 - 102012?
-10020202010102
In base 11, what is -684 - -810a?
7536
In base 10, what is 30 - 6542260?
-6542230
In base 4, what is -30233 - 3203220?
-3300113
In base 5, what is 341100113 + 120?
341100233
In base 16, what is 25809c + 11?
2580ad
In base 8, what is -50522365 + 5?
-50522360
In base 12, what is -2 + 30b13a6?
30b13a4
In base 13, what is 3566 + 1483?
4a19
In base 2, what is 1001110001 + 1010010001111110?
1010011011101111
In base 9, what is 5 + -540715064?
-540715058
In base 13, what is -c1 - 919607?
-9196c8
In base 6, what is 3 - -1451452452?
1451452455
In base 10, what is 86 + 2634398?
2634484
In base 5, what is -14030213 + -14340?
-14100103
In base 14, what is 18 - acc277?
-acc25d
In base 3, what is -2101020200020020 + -10?
-2101020200020100
In base 16, what is -3 - -26a4cb?
26a4c8
In base 13, what is 8405a + 599?
84626
In base 6, what is 5 + 1110004104?
1110004113
In base 4, what is 1001 + -1120011132?
-1120010131
In base 14, what is 136 + 99c7?
9b1d
In base 2, what is 110 - 1000001110011000100100010110?
-1000001110011000100100010000
In base 3, what is 120001 + 110002200212?
110010020220
In base 5, what is -11 - 12132103?
-12132114
In base 2, what is 1001000111101 + -100001000?
1000100110101
In base 2, what is 11010101010101 + 1001001111?
11011110100100
In base 7, what is 2 + -23352144?
-23352142
In base 12, what is 5 + -8769557?
-8769552
In base 6, what is 133102445 + 3?
133102452
In base 7, what is 1453 + -242556?
-241103
In base 8, what is 1306 - 23070?
-21562
In base 16, what is 3 - -258eb6d?
258eb70
In base 3, what is -1000202212 - -10101201?
-220101011
In base 5, what is -240141034 - -34?
-240141000
In base 7, what is -12 - -3102560?
3102545
In base 13, what is 11b - -715895?
7159b3
In base 13, what is 2ac477b + -2?
2ac4779
In base 10, what is -1400033 - -5?
-1400028
In base 6, what is 0 + 5120313232?
5120313232
In base 8, what is 0 + 1515502274?
1515502274
In base 16, what is -43875f - -49?
-438716
In base 6, what is 1255215 - 2113?
1253102
In base 16, what is -5c45c - 1?
-5c45d
In base 15, what is -9c517 - -2e?
-9c4d8
In base 3, what is 10202 - 212110210012?
-212110122110
In base 5, what is -3004 + 41431322?
41423313
In base 14, what is -d - -da96a?
da95b
In base 14, what is 54c646 + -9?
54c63b
In base 9, what is 58444 - 287?
58146
In base 9, what is 2 + -572561303?
-572561301
In base 4, what is 13031313023 + -232?
13031312131
In base 13, what is -4c2b24b - -3?
-4c2b248
In base 7, what is -2 + -1145440432?
-1145440434
In base 8, what is 5614766006 - -4?
5614766012
In base 15, what is 1ec3222 + -1?
1ec3221
In base 12, what is 267a7 + 49?
26834
In base 3, what is 1122 - -10100210020?
10100211212
In base 5, what is 4 - 412440400?
-412440341
In base 7, what is -664620 + -12525?
-1010445
In base 8, what is 747 + 106200?
107147
In base 10, what is -1523998 + 3?
-1523995
In base 12, what is -163 - -4453?
42b0
In base 9, what is 12 + 1008188?
1008211
In base 13, what is 5 + -46a990?
-46a988
In base 6, what is 15010 + 1135121?
1154131
In base 14, what is -62 - 195501?
-195563
In base 16, what is -2826b - 8b8?
-28b23
In base 11, what is 5 - -29277788?
29277792
In base 15, what is -11d54 + -ae?
-11e13
In base 6, what is 21255 + -3141335?
-3120040
In base 15, what is 37 + -16a13aa?
-16a1373
In base 2, what is 10000101000 + -11011100110?
-1010111110
In base 2, what is -10 - -11011010000000101110?
11011010000000101100
In base 15, what is -11be4b5a + 0?
-11be4b5a
In base 7, what is 60230 - 550?
56350
In base 12, what is -12 + 72039a?
720388
In base 14, what is -148 + 1291bb?
129073
In base 2, what is 111000011 - -11000100001000111?
11000101000001010
In base 13, what is 7c4c80 - -28?
7c4ca8
In base 10, what is 22 + -18061896?
-18061874
In base 15, what is -2292b2 + -98?
-22935a
In base 8, what is -35123 - 103213?
-140336
In base 4, what is 120122 - 1031132?
-311010
In base 12, what is 3585 + 7407b?
77644
In base 10, what is 3 + 18309297?
18309300
In base 8, what is -24743705 - -4?
-24743701
In base 4, what is -13 + -12220122101?
-12220122120
In base 12, what is -19 + -5511252?
-551126b
In base 10, what is -2 + -1150108?
-1150110
In base 4, what is 33210233330323 - -10?
33210233330333
In base 4, what is 30321301 - -21003?
31002310
In base 11, what is -121 + -219aa37?
-21a0058
In base 12, what is -389575 - -1a?
-389557
In base 13, what is 40689c - b?
406891
In base 12, what is 1245787b + 14?
12457893
In base 11, what is -124742941 + 4?
-124742938
In base 13, what is 4 - 1450b45c?
-1450b458
In base 4, 